4) + -89?
-74
Evaluate (-7 - (8 + -17)) + (-2 - -10) + -6 - 38.
-34
Evaluate -10 + 16 + -3 + 78.
81
What is -14 - (-10 - (-2 - -4) - (-55 + 49))?
-8
(-36 - 48 - -36) + 48
0
Evaluate -4 + (-19 - 22) + -25.
-70
Calculate -10 + 4 - -5 - -2 - -12.
13
10 + -2 + (295 - 262)
41
Evaluate 16 - (27 + (-1 - (-1 + 13))).
2
Calculate 32 - (-5 - ((3 - (8 + 11)) + 2 + 3)).
26
Evaluate (-29 - -20) + 1 + (-12 - (-11 - -8)).
-17
Calculate 22 - (-88 + 10 - (-6 - -4)).
98
Evaluate 0 + (-52 - -1 - (26 + 2 + (283 - 323))).
-39
Calculate (22 - -28) + 36 - (-1 - (-3 - 2)) - -12.
94
Evaluate -117 + (-33 + -19 - -60) - (0 - 19).
-90
Calculate (-107 - (131 + -231)) + -86.
-93
What is the value of -2 + (-2 + 4 + 13 + -5 - -41) - 6?
43
Calculate 22 - 0 - (-66 + 166).
-78
What is (-111 - (24 + -24)) + 71?
-40
467 - 356 - (1 + 44)
66
Calculate 125 + -132 + 2 + -6 - (-3 - (-2 - 12)).
-22
Evaluate (-24 - (17 - -20 - -21)) + -4 + 22 + -5.
-69
-27 - (-14 + -7 - 14) - (37 - -1)
-30
Evaluate (12 + -56 - (-6 + -29)) + 8.
-1
Evaluate (-30 - 1 - (-5 + -6 - -3)) + 4 + -18.
-37
What is the value of (290 - 284) + (-1 - -3) + -1 + -54?
-47
69 + -47 + -110 - (3 - -7) - 20
-118
Evaluate -3 - (-4 + -1 - (1 + -12) - (-115 + 153)).
29
Evaluate -11 - (23 + (-28 - -40)).
-46
-4 - (-7 + 7 + -1) - (-5 - (-21 + 6))
-13
What is the value of 71 - ((-5 - -51) + -54)?
79
What is the value of 185 + -166 + (97 - 1) + -3 + (-9 - 0)?
103
What is the value of 8 + -24 + 5 - (-11 + (79 + -7 - 9))?
-63
What is the value of 8 - (-25 + -8 - 2)?
43
-14 - (3 + -14 + -4 + (19 - 1) + -7)
-10
What is the value of -3 - (-74 - -3) - (353 + -375 - (-34 + 0))?
56
What is the value of 0 - 7 - (0 + 2 - (26 + -19))?
-2
What is the value of -2 + 3 + -36 + 34 + (61 - 0) + 14?
74
What is (159 - (380 + -159)) + 14 + -1?
-49
What is the value of -100 - -52 - -23 - -13?
-12
What is the value of (80 - 21) + -3 + -59?
-3
Calculate -5514 - -5485 - (-3 - (-49 - 0)).
-75
-8 + -22 + 0 + 35 - (-7 - 0 - -1)
11
Evaluate (139 - -186) + -318 - (-1 + 81 - (1 + -1)).
-73
What is the value of (2 - -206) + -2350 + 2263?
121
What is -57 + 1 + (-13 - 3) + 4 + (47 - 30)?
-51
Calculate (41 + -53 - -55) + -19.
24
Calculate -40 + -3 - -75 - 64.
-32
Calculate (-8 - -4) + -24 + 6 + -3 + -2.
-27
-76 - (29 - (-142 - -129))
-118
-17 + (-3 - -4 - -1 - (-16 + 52))
-51
What is the value of 25 - (1 - (-9 + 0) - (16 - (49 + -36)))?
18
Evaluate -9 + -34 + -12 + 13 + -12 + -4.
-58
What is 45 + -124 + 44 - -97?
62
Calculate 16 + (-5 - 8) + 16 + -11.
8
Evaluate 3 + -4 + 1 + (100 - 69) + -1.
30
Calculate 2 + -15 + 0 + (800 + -724 - (1 + -26)).
88
Calculate -19 + (69 - 38) - (4 + -14 + 0 + 3).
19
Evaluate 5 + (32 - -1) - 63.
-25
Evaluate -19 + 6 + (-29 - -62).
20
What is the value of -5 + 10 + 10 + -17 + 4 - (-51 + -1)?
54
Evaluate (9 - (73 - 45)) + 9.
-10
What is (16 + -26 - 1) + (5 - -4) + 17?
15
What is (2 - -104) + (-12 + 13 - (-19 + 23)) - 7?
96
What is the value of -201 + 51 + 127 - (1 - 91)?
67
Evaluate -16 - ((-16 - -1 - (-351 - -428)) + 21).
55
What is (3 - ((8 - 4) + -1)) + (-2 + 11 - -38)?
47
What is (-46 + 25 - 13) + 36?
2
Evaluate -61 - (22 + -36 + -70).
23
-10 + 0 + (17 - (-197 - -205 - (2 + -5)))
-4
Evaluate (-10 + -17 - -79) + (0 - (-1 - 1 - 2)).
56
Evaluate -7 + (-3 - 0) - ((-6 - 65) + 25).
36
3 + (45 - (16 + 30)) + (45 - -1)
48
-51 + -5 - -14 - (-38 - -27)
-31
Evaluate -1 + 7 - (65 + -1 - (75 - 49 - 15)).
-47
Calculate (12 - 25) + 11 - -11 - (1 - -35).
-27
What is 67 - (89 + -12) - (-51 - 0)?
41
Evaluate (13 - (-2 - -1)) + (-43 - -58) + -72.
-43
(26 - -1) + (-2 + 18 + -27 - (-20 + 15))
21
Calculate (-19 - (-14 + (2 - -4) + -1 + 5)) + -10.
-25
What is the value of -8 + (12 - 10 - 11) + -83?
-100
8 + (-7 - (17 + -12 - 9 - -7))
-2
Calculate 2 - (-8 + (10 - -4) + (-148 - -63)).
81
Evaluate (-7 + 8 - (-17 - -16)) + (6 - 33).
-25
Evaluate -11 + 68 + -172 - -13.
-102
(268 - 27) + -141 - (0 + (3 - (2 - 0)))
99
What is the value of 17 + (22 - 15) + -18 + 88?
94
Calculate (492 - 412) + -2 + -83.
-5
Evaluate -20 + (31 - 28) - (-5 - 31).
19
(15 - 16) + 17 + -14 - 1 - (-49 + -1)
51
What is -65 + -22 + -36 + 231?
108
Calculate (43 - (104 + -27)) + (1 - 6).
-39
What is (44 - 25) + 7 + -43?
-17
Evaluate (1512 - 1437) + 0 + -13.
62
What is (-29 + 33 - -59 - 35) + -14?
14
85 - (18 + (-2 - -6) - (-1373 - -1373))
63
-9 + (0 + 3 - -12 - (4 - 54))
56
-70 + 79 + -4 + -21
-16
Calculate -17 + (-86 - -32) - -49.
-22
Evaluate 3 + -6 - -4 - (-7 + 9 + -1 + 5).
-5
Calculate -34 - (5 + (17 - 25)) - (5 - 5).
-31
-16 + 2 + -1 - (-8 - (-52 + 22 + 33))
-4
Evaluate -4432 - -4338 - (-2 + -160).
68
What is -10 - (8 + -8 - 35)?
25
What is (-1 - 22) + (-25 - (-46 - -33))?
-35
68 + (1 - -1) + (21 + 0 - (-976 + 987))
80
Calculate (5 - -5) + (-24 - -27) + 5 + -1 + -1.
16
(48 - 17 - (8 + 6)) + -7
10
What is the value of -19 + (3 - -49) - (4 - ((-10 - -1) + -2))?
18
Calculate (16 + 21 - -36) + (-6 + -6 + 4 - 1).
64
Calculate 12 + 1 + -59 + 100 + -109.
-55
What is -7 - 81 - (1700 - 1732)?
-56
What is (-30 + 1 - 2) + -31 + 137?
75
Calculate -4 + (9 - 4) - (60 + 3) - (8 - 6).
-64
What is -1132 - -1264 - (0 + 3 + -2 + 3)?
128
What is 0 - 2 - (-25 + 7 - -48 - (-2 + 18))?
-16
What is -3 + -5 - (185 - (-46 + 141))?
-98
Evaluate -3 - ((-24 - -1) + (-126 - -141)) - 10.
-5
What is -46 + (75 - 24) + -27 - -38?
16
1 + (-231 - -210 - (-1 - 18))
-1
Evaluate -85 + 169 + -103 - -42.
23
Evaluate -14 + (10 - (6 + 12) - -5).
-17
What is the value of -3 - 72 - (135 - 121)?
-89
Evaluate 50 - (-26 + 82 - -22).
-28
Evaluate -6 - (283 + -303 - (0 - (-1 - 9))).
24
Calculate (4 - 3) + (56 - (-4 - (-8 + (-2 - -18)))).
69
Evaluate (-128 - -221 - 94) + 2 + -1 + -93.
-93
Calculate (17 - -15) + -19 + -6 + 3 + -5 - 95.
-90
Calculate -20 - (16 - ((4 - 0) + -11 - -16)).
-27
Evaluate 26 - (20 + 4) - (-4 + (-1 - 4)).
11
Evaluate (34 - 19) + (0 + -2 - -12).
25
Evaluate (105 - 9) + ((34 - 44) + (-4 - -27) - 10).
99
Calculate (13 - 3) + -51 + 45 - (48 + 2).
-46
-7 - (4 - -6) - (-215 + 145) - (2 - 11)
62
Evaluate 8 + 7 - (1 - (-2 - (-48 - 2))).
62
What is -78 + (61 - 38 - -6)?
-49
Evaluate (8 - 18) + (6 - 2) + 126 + -133.
-13
-44 + (-38 - -41) + 35 + -5
-11
What is the value of -35 - ((165 - 172) + (4 - 1) + 10) - -4?
-37
What is the value of 1 + (2 - 9 - -6) + (1 - (-21 + 7))?
15
2 + 1 + -7 + 24 + -11 - (-217 - -344)
-118
(-12 - -73) + (1 + -26 - -15)
51
Evaluate 1 + 22 + -5 + 0 + (0 - -1 - -6).
25
(3000 - 3106) + (-2 - -1) + (8 - 0)
-99
47 - -8 - (-201 + 360)
-104
What is (0 - -3) + -54 - -9?
-42
Calculate -60 - -2 - (17 - (86 - 42)).
-31
18 + -32 + 8 + 0 + (13 - 4) + 28
31
What is the value of (82 - 1) + (1211 - 1201) + -27?
64
What is the value of -128 + (24 - -22 - -8)?
-74
-144 + (61 - -11) - -50
-22
(-67 - -4) + (-6320 - -6299)
-84
What is -54 - 23 - -68 - (2 + -34 - -2)?
21
Evaluate (-27 - -53 - -4) + -16.
14
Calculate (-17 - -1) + 2 + 1 + -2 - 24.
-39
What is 1 - -69 - (-2944 + 2967 + (-2 + -18 - -1))?
66
What is the value of -16 + 0 - (-14 + 105 + -79)?
-28
What is the value of 2 + -83 + 1 - (-52 + 2 + 41)?
-71
What is 0 - (-13 - -2) - (5 - (6 - -3) - 5)?
20
3 + 34 - ((16 - 10 - 15) + 12)
34
Evaluate (17 - 28 - -8) + -41 + (-15 - -14 - 10).
-55
What is 24 + -8 + -5 + -37 + 17?
-9
What is (1 - (16 + -22)) + (1 - 1)?
7
Calculate 106 + 40 + -182 + 118.
82
What is (-3 - (-26 + -3)) + (-6 - -7) + 6?
33
Evaluate -25 + (136 - (32 - (-1 - 8))).
70
Evaluate -453 + 359 - (-8 + -101).
15
3 + 4 + (685 - 655)
37
Evaluate 3 - 1 - 21 - (-34 + 10 + 20 - -14).
-29
What is the value of (-6 - -71) + (371 - 373)?
63
What is the value of (-92 + 60 - 10) + 77?
35
105 + (30 - (-12 - -29)) + -24
94
Calculate -16 + (-3 - (-23 - 57)) + -13.
48
What is (-16 + 11 - -5) + -20 - 75 - -10?
-85
(-49 - 1) + 6 + (-58 - -58) - (1 - 3)
-42
What is the value of 72 - (49 + 19 + -18)?
22
Calculate 0 - 104 - (-39 + -84 + 101).
-82
(1353 - 1359) + (-11 - -1 - (4 - 2))
-18
Evaluate (-2 - (3 + 0 + -72)) + -19 + 3.
51
2 - (26 + -26 + -7 - (3 + -13) - 50)
49
What is the value of 12 - -1 - (62 - (17 - (15 + -16 + 25)))?
-56
-54 + (56 - (14 - 25))
13
What is (14 - 10 - (-1 + 14)) + (3 - -38)?
32
Evaluate 32 - (78 - (5 + 15 + -25)).
-51
Calculate (-3 - 20) + (1 - 0 - (-77 - -85)).
-30
Calculate -3 + -82 + (19 - (-15 + 44)).
-95
Evaluate 48 + -1 + -3 + -22 + 10.
